s = -12661 - -12679. What is the greatest common factor of s and 19458?
18
Let k(q) = -562*q + 55. Let d be k(-1). What is the greatest common divisor of d and 1?
1
Let x = 24 + -23. Suppose -5*w + 4*f = -136, 4*f = -3*w + 25 + 31. Let c = w + -19. What is the highest common factor of c and x?
1
Let a be (-62132)/(-147)*(-45)/(-10). What is the highest common divisor of a and 6?
6
Let k be (9/(-1))/(38905/2294 - 17). What is the highest common factor of k and 6?
6
Let b = 2442 + -6141. Let t be ((-8)/(-6))/(((-24)/b)/4). Let o be 2/6 + t/18. Calculate the greatest common divisor of 69 and o.
23
Let q be (-12)/48 + (-3)/(48/(-1988)). Suppose 0 = -3*x + 422 + q. Calculate the highest common factor of x and 26.
26
Suppose 0 = -2*a + 25 - 183. Let o be a*(2/(-13) + 240/208). Let m = o + 95. What is the greatest common divisor of 16 and m?
16
Let x(n) = 1522*n + 622. Let v be x(8). What is the greatest common divisor of v and 324?
162
Suppose -4*h + 7 = w - 1, -5*w + 4*h = -64. Suppose w*l = 7*l + 7125. What is the greatest common divisor of l and 75?
75
Let j(c) = 1044*c - 2929. Let b be j(3). What is the highest common divisor of 1276 and b?
29
Let v = 11 + 9. Let f(n) = -25*n - 85. Suppose -5*u = -3*q + 36, u - 5*q + 0*q = 6. Let c be f(u). Calculate the greatest common divisor of v and c.
20
Let r(l) = -50*l - 24. Let o be r(-6). Let d = -269 + o. Let k be (22/6)/(2/42). Calculate the highest common divisor of k and d.
7
Let g(v) = -3*v**3 - 36*v**2 - 59*v + 62. Let u be g(-14). Calculate the highest common divisor of u and 129.
129
Let r be ((-1)/(-4) + 1)/(-20 - (-2883)/144). Calculate the highest common factor of r and 7485.
15
Suppose 2*w + 2*b - 65 = 79, 2*w + 5*b = 150. What is the greatest common divisor of w and 5120?
10
Suppose 16*i = 7*i + 630. Suppose 0 = 23*l - 8*l. Let b be (12 + (6 - 4))*(l + 1). Calculate the greatest common factor of i and b.
14
Let z = -15 - -50. Let a = z + 52. Let b be -81 + 84 - (-78)/3. What is the greatest common factor of b and a?
29
Suppose 4519 = -14*i - 12547. Let u = i + 1255. Suppose -5 = -3*y + 4*y, 4*j + 5*y = 23. What is the highest common divisor of u and j?
12
Let y(w) = 64*w - 150. Let m be y(6). Let v = 438 + m. What is the greatest common divisor of 21 and v?
21
Let l be (-42118)/(-8) - (119/(-68))/(-1). What is the greatest common factor of 38 and l?
19
Suppose 83*i - 78*i - 3*t = 67340, t + 53872 = 4*i. Calculate the highest common divisor of 74 and i.
74
Let u(z) = 0*z**2 - 2 - z + z**2 + 18*z**3 - 16*z**3. Let b be u(2). Let t = -1312 + 1316. What is the greatest common factor of t and b?
4
Let u(m) = -m**2 - 70*m + 13664. Let n be u(86). What is the highest common divisor of n and 76?
4
Suppose 7135*r - 7112*r = 322. What is the greatest common divisor of r and 13258?
14
Let o = 1662 - 1521. What is the highest common divisor of o and 2162?
47
Let v = 1 + 109. Let x = v - 73. Suppose -4*s = -910 - 422. Calculate the highest common factor of s and x.
37
Let p(t) = 36*t + 62*t + 8*t - 4*t - 5*t - 33. Let j be p(2). Let f(z) = 7*z**2 - 2*z - 1. Let v be f(2). What is the highest common divisor of v and j?
23
Suppose 6*u = 468 + 150. Suppose -5*a + u = -2*b - 0*a, 5*b + 2*a + 214 = 0. Let y = b - -82. What is the greatest common factor of y and 95?
19
Suppose 2*f - 74 = -2*p, -4*p - 50 = -0*f - 2*f. Let h = -102 - -131. Let y = h - -37. What is the greatest common factor of y and f?
33
Suppose -5*z = -4*i - 148, -5*z - 3*i = 2*i - 175. Suppose -3*l = 23 - 8. Let b = z + l. What is the greatest common divisor of 3 and b?
3
Suppose 0 = x + 5*x - 252. Suppose 23*h - 168 = 19*h. Calculate the greatest common divisor of h and x.
42
Suppose 7*t + 515 = 2*t. Let r = 108 + t. Suppose 0*s + 5 = r*s, s = -3*j + 115. Calculate the highest common divisor of 57 and j.
19
Let o be (-3)/(-4) + (-3)/(-12) - -1. Suppose 0 = -3*n - o*q - 25 + 201, -2*n - 2*q = -116. Let p = -18 + n. What is the highest common factor of 126 and p?
42
Suppose 3*j - 5*l - 3128 = 0, 440 + 600 = j + l. Let v = j - 247. Suppose 6*o - v = 742. Calculate the greatest common divisor of 16 and o.
16
Suppose -2*g + 17 = -4*g - y, 5*y + 21 = -2*g. Let u be -309*g/156 + (-8)/(-52). Calculate the greatest common factor of u and 8.
8
Suppose -567*u = -560*u - 224. Let z be (1 + (-246)/30)/(1/(-40)). What is the highest common divisor of u and z?
32
Suppose 5*m - 450 + 75 = 0. Suppose 56*c = 51*c + 875. What is the greatest common divisor of m and c?
25
Suppose 718 + 13308 = 14*s - 4*k, 2*s + k = 2010. Calculate the greatest common divisor of 34 and s.
17
Let k be ((-528)/10)/((-102)/1870). Calculate the greatest common divisor of 2024 and k.
88
Suppose 4*c + 3*o = 56588, -4*o + 14007 = -4*c + 70567. What is the greatest common factor of 408 and c?
136
Let j(p) = 3*p**2 - 57*p - 32. Let f be j(-14). Suppose 7*v - 2006 = f. What is the greatest common divisor of v and 30?
30
Let z = 55 - 37. Let u = z + 2. Let j be (2 - 6)/(u/(-15)). Calculate the greatest common factor of 1 and j.
1
Let g = 1061 - 940. What is the highest common divisor of g and 484?
121
Suppose 3*b - 1178 = -1130. Let u(k) = 11*k. Let y be u(-1). Let l = b - y. Calculate the greatest common factor of l and 9.
9
Let s be 6/(-2) + 6 + -1 + -2. Let i be 4/5 + s + (-123)/(-15). Let b be (-9)/(8/9 + -1). Calculate the greatest common divisor of i and b.
9
Let o(l) = 33*l - 507. Let j be o(17). Calculate the highest common divisor of 2646 and j.
54
Suppose -3548 - 653 = -478*f + 579. Suppose 4*s = -2*w + 74, 3*s + 16 = -2*w + 89. Calculate the highest common factor of f and w.
5
Let n(i) = 28*i - 98. Let o be n(10). Suppose -o + 112 = -10*q. Calculate the greatest common divisor of 3 and q.
1
Let t(u) = -u**3 - 63*u**2 + 28*u - 702. Let b be t(-64). What is the greatest common divisor of b and 890?
178
Suppose 17293 + 6399 = 19*a + 3875. Calculate the greatest common factor of 596 and a.
149
Let i be 162/(-90) - 1/5. Let z be (42/(-56))/(i/16). Calculate the highest common divisor of 54 and z.
6
Let o = 236 - 231. Suppose 2*q + 2 = -6, -5*q + 135 = o*n. Let c = -56 + 87. Calculate the highest common factor of n and c.
31
Let g be 1*-1*(-52 - 5). Let u be 0 + 1 + (0 - -151). Calculate the greatest common factor of u and g.
19
Let h be 12 + -2 + 4/4. Let g = -8 - -10. Let n be (0/4)/g - -121. Calculate the greatest common factor of n and h.
11
Let r(s) = -6*s + 0*s + 39 + s + 0*s. Let l be r(12). Let c be 98/l*(-60)/14. Calculate the greatest common divisor of c and 70.
10
Let u(a) = 3*a**2 - 22*a - 14. Let d(o) = 4*o + 5. Let v be d(2). Let l be u(v). Calculate the greatest common divisor of 9 and l.
9
Suppose 2*s + 123 = -s. Suppose 10*a + 1253 = 483. Let q = s - a. What is the highest common divisor of q and 4?
4
Suppose -2*y + 168 - 139 = -3*s, -20 = -y - 4*s. What is the greatest common factor of 90 and y?
2
Suppose 19*u = 17*u + 8. Suppose -5*q + 200 = 3*w, -220 = -u*w + w - q. Suppose 0 = 28*t - 34*t + 180. What is the greatest common factor of t and w?
15
Suppose 5*a - 870 = -4*r + 331, -r = 3*a - 309. Suppose 564*w = 558*w + r. What is the greatest common factor of 1127 and w?
49
Suppose -10*b = 3*z - 6*b - 37, -3*z + 82 = -5*b. Suppose 367 = 2*o - 507. What is the greatest common divisor of o and z?
19
Let r = 267091 + -266989. Let s = 17 - 11. Calculate the greatest common factor of r and s.
6
Let h be (10/(-4))/(-5 - 147/(-30)). Let q(i) = i**3 - 26*i**2 + 26*i - 18. Let k be q(h). Calculate the highest common divisor of k and 28.
7
Let h = 2 - 17. Let l be ((-80)/h)/8 + 3364/(-6). Let c = -376 - l. Calculate the greatest common factor of c and 23.
23
Let z(x) = x**3 + 5*x**2 - 8*x - 8. Let l be z(-6). Suppose 2*s = -2 - l. Let i be -7*s*5/15. Calculate the greatest common factor of i and 28.
7
Let u = -39 + 40. Let l = -48 + 47. Let a be (1*(-8)/4 + l)*-3. Calculate the greatest common factor of a and u.
1
Let x(z) = -17*z**3 + z**2 + 4*z - 4. Let m be x(-2). Let j = m - 17. What is the highest common factor of j and 148?
37
Let p(k) = -29*k + 263. Let t(b) = -30*b + 261. Let i(s) = -5*p(s) + 6*t(s). Let n be i(7). Calculate the highest common divisor of n and 14.
2
Suppose 132 + 164 = 3*v + 4*k, 2*k = -2. What is the highest common factor of 4900 and v?
100
Suppo